{"id":1894,"date":"2025-11-02T02:48:16","date_gmt":"2025-11-02T05:48:16","guid":{"rendered":"https:\/\/ahtdecor.net.br\/?page_id=1894"},"modified":"2025-11-02T02:50:49","modified_gmt":"2025-11-02T05:50:49","slug":"quem-somos","status":"publish","type":"page","link":"https:\/\/ahtdecor.net.br\/index.php\/quem-somos\/","title":{"rendered":"Quem Somos"},"content":{"rendered":"\t\t<div data-elementor-type=\"wp-page\" data-elementor-id=\"1894\" class=\"elementor elementor-1894\">\n\t\t\t\t\t\t<section class=\"elementor-section elementor-top-section elementor-element elementor-element-c372001 elementor-section-boxed elementor-section-height-default elementor-section-height-default\" data-id=\"c372001\" data-element_type=\"section\">\n\t\t\t\t\t\t<div class=\"elementor-container elementor-column-gap-default\">\n\t\t\t\t\t<div class=\"elementor-column elementor-col-100 elementor-top-column elementor-element elementor-element-86a3bd7\" data-id=\"86a3bd7\" data-element_type=\"column\">\n\t\t\t<div class=\"elementor-widget-wrap elementor-element-populated\">\n\t\t\t\t\t\t<div class=\"elementor-element elementor-element-790faf2 elementor-widget elementor-widget-heading\" data-id=\"790faf2\" data-element_type=\"widget\" data-widget_type=\"heading.default\">\n\t\t\t\t<div class=\"elementor-widget-container\">\n\t\t\t\t\t<h2 class=\"elementor-heading-title elementor-size-default\">Quem Somos<\/h2>\t\t\t\t<\/div>\n\t\t\t\t<\/div>\n\t\t\t\t\t<\/div>\n\t\t<\/div>\n\t\t\t\t\t<\/div>\n\t\t<\/section>\n\t\t\t\t<section class=\"elementor-section elementor-top-section elementor-element elementor-element-794ad8d elementor-section-boxed elementor-section-height-default elementor-section-height-default\" data-id=\"794ad8d\" data-element_type=\"section\">\n\t\t\t\t\t\t<div class=\"elementor-container elementor-column-gap-default\">\n\t\t\t\t\t<div class=\"elementor-column elementor-col-100 elementor-top-column elementor-element elementor-element-34b7066\" data-id=\"34b7066\" data-element_type=\"column\">\n\t\t\t<div class=\"elementor-widget-wrap elementor-element-populated\">\n\t\t\t\t\t\t<div class=\"elementor-element elementor-element-d5b0d8b elementor-widget elementor-widget-text-editor\" data-id=\"d5b0d8b\" data-element_type=\"widget\" data-widget_type=\"text-editor.default\">\n\t\t\t\t<div class=\"elementor-widget-container\">\n\t\t\t\t\t\t\t\t\t<p>\u00a0<\/p><h1 data-start=\"346\" data-end=\"376\">\ud83c\udf3f <strong data-start=\"351\" data-end=\"376\">Quem Somos \u2014 AHTDecor<\/strong><\/h1><p data-start=\"378\" data-end=\"609\">A <strong data-start=\"380\" data-end=\"423\">AHTDecor \u2014 Casa de Perfumaria Artesanal<\/strong> nasceu das m\u00e3os e da trajet\u00f3ria de <strong data-start=\"459\" data-end=\"471\">Humberto<\/strong>, artes\u00e3o e profissional com s\u00f3lida experi\u00eancia em gest\u00e3o de processos, auditoria de qualidade e cultura de melhoria cont\u00ednua.<\/p><p data-start=\"611\" data-end=\"963\">Foram mais de <strong data-start=\"625\" data-end=\"658\">30 anos na Ford Motor Company<\/strong>, atuando com documenta\u00e7\u00e3o global, sistemas de qualidade ISO 9001 e ISO 14001 (Lloyd\u2019s Register) e aprimoramento de m\u00e9todos de produ\u00e7\u00e3o. Nesse caminho, Humberto aprendeu que <strong data-start=\"832\" data-end=\"896\">a excel\u00eancia n\u00e3o est\u00e1 na pressa, mas no respeito ao processo<\/strong>.<br data-start=\"897\" data-end=\"900\" \/>Esse olhar preciso e disciplinado se tornou a base da AHTDecor.<\/p><p data-start=\"965\" data-end=\"1172\">Ap\u00f3s sua aposentadoria, a vida se reconfigurou.<br data-start=\"1012\" data-end=\"1015\" \/>A arte dos aromas entrou como reconex\u00e3o \u2014 um reencontro consigo mesmo, com a mem\u00f3ria afetiva dos gestos simples e do cuidado que transforma o lar em ref\u00fagio.<\/p><p data-start=\"1174\" data-end=\"1271\">Aquilo que come\u00e7ou como contempla\u00e7\u00e3o, tornou-se <strong data-start=\"1222\" data-end=\"1232\">of\u00edcio<\/strong>.<br data-start=\"1233\" data-end=\"1236\" \/>E o of\u00edcio tornou-se <strong data-start=\"1257\" data-end=\"1270\">prop\u00f3sito<\/strong>.<\/p><p data-start=\"1273\" data-end=\"1324\">Hoje, a AHTDecor \u00e9 um ateli\u00ea dedicado \u00e0 cria\u00e7\u00e3o de:<\/p><ul data-start=\"1326\" data-end=\"1425\"><li data-start=\"1326\" data-end=\"1348\"><p data-start=\"1328\" data-end=\"1348\"><strong data-start=\"1328\" data-end=\"1348\">Velas arom\u00e1ticas<\/strong><\/p><\/li><li data-start=\"1349\" data-end=\"1376\"><p data-start=\"1351\" data-end=\"1376\"><strong data-start=\"1351\" data-end=\"1376\">Difusores de ambiente<\/strong><\/p><\/li><li data-start=\"1377\" data-end=\"1394\"><p data-start=\"1379\" data-end=\"1394\"><strong data-start=\"1379\" data-end=\"1394\">Home Sprays<\/strong><\/p><\/li><li data-start=\"1395\" data-end=\"1425\"><p data-start=\"1397\" data-end=\"1425\"><strong data-start=\"1397\" data-end=\"1425\">Aromas autorais sazonais<\/strong><\/p><\/li><\/ul><p data-start=\"1427\" data-end=\"1608\">Cada pe\u00e7a \u00e9 produzida manualmente, em pequenas s\u00e9ries, com sele\u00e7\u00e3o rigorosa de mat\u00e9rias-primas, precis\u00e3o t\u00e9cnica no desenvolvimento de fragr\u00e2ncias e aten\u00e7\u00e3o aos detalhes sensoriais.<\/p><p data-start=\"1610\" data-end=\"1741\">Aqui, o aroma \u00e9 pensado como <strong data-start=\"1639\" data-end=\"1654\">experi\u00eancia<\/strong>,<br data-start=\"1655\" data-end=\"1658\" \/>a luz da vela como <strong data-start=\"1677\" data-end=\"1689\">presen\u00e7a<\/strong>,<br data-start=\"1690\" data-end=\"1693\" \/>e o objeto como <strong data-start=\"1709\" data-end=\"1725\">mem\u00f3ria viva<\/strong> dentro da casa.<\/p><p data-start=\"1743\" data-end=\"1856\">A AHTDecor acredita que <strong data-start=\"1767\" data-end=\"1789\">perfumar \u00e9 acolher<\/strong>.<br data-start=\"1790\" data-end=\"1793\" \/>\u00c9 criar o instante que fica, mesmo depois que a chama se apaga.<\/p>\t\t\t\t\t\t\t\t<\/div>\n\t\t\t\t<\/div>\n\t\t\t\t\t<\/div>\n\t\t<\/div>\n\t\t\t\t\t<\/div>\n\t\t<\/section>\n\t\t\t\t<section class=\"elementor-section elementor-top-section elementor-element elementor-element-c4b4a34 elementor-section-boxed elementor-section-height-default elementor-section-height-default\" data-id=\"c4b4a34\" data-element_type=\"section\">\n\t\t\t\t\t\t<div class=\"elementor-container elementor-column-gap-default\">\n\t\t\t\t\t<div class=\"elementor-column elementor-col-100 elementor-top-column elementor-element elementor-element-c27f063\" data-id=\"c27f063\" data-element_type=\"column\">\n\t\t\t<div class=\"elementor-widget-wrap elementor-element-populated\">\n\t\t\t\t\t\t<div class=\"elementor-element elementor-element-ab2f0ec elementor-widget elementor-widget-text-editor\" data-id=\"ab2f0ec\" data-element_type=\"widget\" data-widget_type=\"text-editor.default\">\n\t\t\t\t<div class=\"elementor-widget-container\">\n\t\t\t\t\t\t\t\t\t<p>L<a href=\"http:\/\/Conhe\u00e7a nossa cole\u00e7\u00e3o: https:\/\/wa.me\/c\/5511993000319\" data-wplink-url-error=\"true\" style=\"font-size: 1rem;\">http:\/\/Conhe\u00e7a nossa cole\u00e7\u00e3o: https:\/\/wa.me\/c\/5511993000319<\/a><span style=\"font-size: 1rem;\">L<\/span><\/p>\t\t\t\t\t\t\t\t<\/div>\n\t\t\t\t<\/div>\n\t\t\t\t\t<\/div>\n\t\t<\/div>\n\t\t\t\t\t<\/div>\n\t\t<\/section>\n\t\t\t\t<\/div>\n\t\t","protected":false},"excerpt":{"rendered":"<p>Quem Somos \u00a0 \ud83c\udf3f Quem Somos \u2014 AHTDecor A AHTDecor \u2014 Casa de Perfumaria Artesanal nasceu das m\u00e3os e da trajet\u00f3ria de Humberto, artes\u00e3o e profissional com s\u00f3lida experi\u00eancia em gest\u00e3o de processos, auditoria de qualidade e cultura de melhoria cont\u00ednua. Foram mais de 30 anos na Ford Motor Company, atuando com documenta\u00e7\u00e3o global, sistemas [&hellip;]<\/p>\n","protected":false},"author":1,"featured_media":0,"parent":0,"menu_order":0,"comment_status":"closed","ping_status":"closed","template":"","meta":{"site-sidebar-layout":"no-sidebar","site-content-layout":"page-builder","ast-site-content-layout":"full-width-container","site-content-style":"default","site-sidebar-style":"default","ast-global-header-display":"","ast-banner-title-visibility":"","ast-main-header-display":"","ast-hfb-above-header-display":"","ast-hfb-below-header-display":"","ast-hfb-mobile-header-display":"","site-post-title":"disabled","ast-breadcrumbs-content":"","ast-featured-img":"disabled","footer-sml-layout":"","theme-transparent-header-meta":"","adv-header-id-meta":"","stick-header-meta":"","header-above-stick-meta":"","header-main-stick-meta":"","header-below-stick-meta":"","astra-migrate-meta-layouts":"set","ast-page-background-enabled":"default","ast-page-background-meta":{"desktop":{"background-color":"var(--ast-global-color-4)","background-image":"","background-repeat":"repeat","background-position":"center center","background-size":"auto","background-attachment":"scroll","background-type":"","background-media":"","overlay-type":"","overlay-color":"","overlay-opacity":"","overlay-gradient":""},"tablet":{"background-color":"","background-image":"","background-repeat":"repeat","background-position":"center center","background-size":"auto","background-attachment":"scroll","background-type":"","background-media":"","overlay-type":"","overlay-color":"","overlay-opacity":"","overlay-gradient":""},"mobile":{"background-color":"","background-image":"","background-repeat":"repeat","background-position":"center center","background-size":"auto","background-attachment":"scroll","background-type":"","background-media":"","overlay-type":"","overlay-color":"","overlay-opacity":"","overlay-gradient":""}},"ast-content-background-meta":{"desktop":{"background-color":"var(--ast-global-color-5)","background-image":"","background-repeat":"repeat","background-position":"center center","background-size":"auto","background-attachment":"scroll","background-type":"","background-media":"","overlay-type":"","overlay-color":"","overlay-opacity":"","overlay-gradient":""},"tablet":{"background-color":"var(--ast-global-color-5)","background-image":"","background-repeat":"repeat","background-position":"center center","background-size":"auto","background-attachment":"scroll","background-type":"","background-media":"","overlay-type":"","overlay-color":"","overlay-opacity":"","overlay-gradient":""},"mobile":{"background-color":"var(--ast-global-color-5)","background-image":"","background-repeat":"repeat","background-position":"center center","background-size":"auto","background-attachment":"scroll","background-type":"","background-media":"","overlay-type":"","overlay-color":"","overlay-opacity":"","overlay-gradient":""}},"footnotes":""},"class_list":["post-1894","page","type-page","status-publish","hentry"],"jetpack_sharing_enabled":true,"_links":{"self":[{"href":"https:\/\/ahtdecor.net.br\/index.php\/wp-json\/wp\/v2\/pages\/1894","targetHints":{"allow":["GET"]}}],"collection":[{"href":"https:\/\/ahtdecor.net.br\/index.php\/wp-json\/wp\/v2\/pages"}],"about":[{"href":"https:\/\/ahtdecor.net.br\/index.php\/wp-json\/wp\/v2\/types\/page"}],"author":[{"embeddable":true,"href":"https:\/\/ahtdecor.net.br\/index.php\/wp-json\/wp\/v2\/users\/1"}],"replies":[{"embeddable":true,"href":"https:\/\/ahtdecor.net.br\/index.php\/wp-json\/wp\/v2\/comments?post=1894"}],"version-history":[{"count":4,"href":"https:\/\/ahtdecor.net.br\/index.php\/wp-json\/wp\/v2\/pages\/1894\/revisions"}],"predecessor-version":[{"id":1898,"href":"https:\/\/ahtdecor.net.br\/index.php\/wp-json\/wp\/v2\/pages\/1894\/revisions\/1898"}],"wp:attachment":[{"href":"https:\/\/ahtdecor.net.br\/index.php\/wp-json\/wp\/v2\/media?parent=1894"}],"curies":[{"name":"wp","href":"https:\/\/api.w.org\/{rel}","templated":true}]}}