{"id":1651,"date":"2025-04-18T10:29:54","date_gmt":"2025-04-18T13:29:54","guid":{"rendered":"https:\/\/ahtdecor.net.br\/?post_type=product&#038;p=1651"},"modified":"2025-04-23T09:18:29","modified_gmt":"2025-04-23T12:18:29","slug":"home-spray-2","status":"publish","type":"product","link":"https:\/\/ahtdecor.net.br\/index.php\/product\/home-spray-2\/","title":{"rendered":"Home Spray &#8211; 200ml &#8211; Ess\u00eancias: Alepo, White Jasmim, Alecrim e Arruda, Brisa da Manh\u00e3"},"content":{"rendered":"<p><span style=\"font-size: 16px;\">Home Spray 200ml:<\/span><\/p>\n<p>Para que serve: perfumar ambientes<span data-huuid=\"17128160551866014309\"><mark class=\"QVRyCf\">, seja em casa ou no escrit\u00f3rio, de forma r\u00e1pida e eficaz<\/mark>.\u00a0<\/span><span data-huuid=\"17128160551866013894\">Borrifar o spray no ar algumas vezes por dia deixa qualquer espa\u00e7o cheiroso e agrad\u00e1vel.\u00a0<\/span><span data-huuid=\"17128160551866013479\">Al\u00e9m disso, ele pode ser usado para neutralizar odores desagrad\u00e1veis e criar uma atmosfera mais convidativa e relaxante.<span class=\"pjBG2e\" data-cid=\"5188d899-6acd-4396-b62c-16b55539443d\"><span class=\"UV3uM\">\u00a0<\/span><\/span><\/span><\/p>\n<p>Neutraliza\u00e7\u00e3o de Odores: al\u00e9m de perfumar, o spray pode ser usado para disfar\u00e7ar odores indesejados, como os de cozinha, cigarro ou animais de estima\u00e7\u00e3o.<span class=\"pjBG2e\" data-cid=\"e8c17d76-534b-477e-aef1-03d93cb697f1\"><span class=\"UV3uM\">\u00a0<\/span><\/span><\/p>\n<p>Versatilidade: pode ser usado em diversos ambientes, como salas, quartos, banheiros, escrit\u00f3rios e at\u00e9 mesmo em roupas e tecidos.<span class=\"pjBG2e\" data-cid=\"828cb21c-ed64-4314-9c65-dcdd5db3e169\"><span class=\"UV3uM\">\u00a0<\/span><\/span><\/p>\n<p>Como fazer para durar mais: sem nada para manter o aroma no lugar, voc\u00ea pode perceber que o cheiro dos seus sprays de ambiente desaparece mais r\u00e1pido do que voc\u00ea deseja. Aplicar seu spray de ambiente em tecidos faz com que a fragr\u00e2ncia permane\u00e7a por muito mais tempo.<\/p>\n<p>Composi\u00e7\u00e3o: elaborado com \u00e1lcool de cereais, ess\u00eancia hidrossol\u00favel e corante para cosm\u00e9ticos artesanais.<\/p>\n<p>Ess\u00eancias:<\/p>\n<p>Alepo: <span data-huuid=\"2043450962222498499\">tem um aroma suave, frutado e levemente picante e um toque de acidez. <\/span><span data-huuid=\"2043450962222498160\">A pimenta de Aleppo \u00e9 conhecida por seu aroma complexo e intenso, que lembra frutas secas como uvas passas e t\u00e2maras.<span class=\"pjBG2e\" data-cid=\"678826be-2e64-417c-befa-b57a98861180\"><span class=\"UV3uM\">\u00a0<\/span><\/span><\/span><\/p>\n<p>White Jasmim: ideal para boas-vindas, \u00e9 convidativo e respeitador. Transmite serenidade e sinceridade. Um aroma perfeito para receber os amigos ou para ser utilizado em ocasi\u00f5es formais pois \u00e9 seguro sem expressar intimidade.<\/p>\n<p>Alecrim e Arruda: <span data-huuid=\"5453349072397968554\"><mark class=\"QVRyCf\">\u00e9 uma combina\u00e7\u00e3o de aromas conhecida por seus efeitos de purifica\u00e7\u00e3o, prote\u00e7\u00e3o e renova\u00e7\u00e3o<\/mark>.\u00a0<\/span><span data-huuid=\"5453349072397968335\">A arruda, com seu aroma forte e caracter\u00edstico, \u00e9 utilizada para afastar energias negativas, enquanto o alecrim, com seu aroma fresco e revigorante, ajuda a energizar e trazer positividade.<\/span><\/p>\n<p>Brisa da Manh\u00e3: com notas refinadas e suaves, o aroma Brisa da Manh\u00e3 exala a frescura de um amanhecer tranquilo, combinando eleg\u00e2ncia e frescor.<\/p>\n<p>Recipiente:\u00a0 Pet Cristal 200 ml\u00a0 e v\u00e1lvula spray.<\/p>\n<p>Medidas aproximadas:<\/p>\n<p>Largura: 4.5 cm<br \/>\nAltura: 20 cm<br \/>\nDi\u00e2metro: 4.5 cm<\/p>\n<p><strong>Obs: N\u00e3o acompanha a decora\u00e7\u00e3o (Cen\u00e1rio).<\/strong><\/p>\n","protected":false},"excerpt":{"rendered":"<p>Produto artesanal feito com muito amor e carinho especialmente para voc\u00ea!<\/p>\n","protected":false},"featured_media":1659,"comment_status":"open","ping_status":"closed","template":"","meta":{"site-sidebar-layout":"default","site-content-layout":"default","ast-site-content-layout":"default","site-content-style":"default","site-sidebar-style":"default","ast-global-header-display":"","ast-banner-title-visibility":"","ast-main-header-display":"","ast-hfb-above-header-display":"","ast-hfb-below-header-display":"","ast-hfb-mobile-header-display":"","site-post-title":"","ast-breadcrumbs-content":"","ast-featured-img":"","footer-sml-layout":"","theme-transparent-header-meta":"default","adv-header-id-meta":"","stick-header-meta":"","header-above-stick-meta":"","header-main-stick-meta":"","header-below-stick-meta":"","astra-migrate-meta-layouts":"set","ast-page-background-enabled":"default","ast-page-background-meta":{"desktop":{"background-color":"var(--ast-global-color-4)","background-image":"","background-repeat":"repeat","background-position":"center center","background-size":"auto","background-attachment":"scroll","background-type":"","background-media":"","overlay-type":"","overlay-color":"","overlay-opacity":"","overlay-gradient":""},"tablet":{"background-color":"","background-image":"","background-repeat":"repeat","background-position":"center center","background-size":"auto","background-attachment":"scroll","background-type":"","background-media":"","overlay-type":"","overlay-color":"","overlay-opacity":"","overlay-gradient":""},"mobile":{"background-color":"","background-image":"","background-repeat":"repeat","background-position":"center center","background-size":"auto","background-attachment":"scroll","background-type":"","background-media":"","overlay-type":"","overlay-color":"","overlay-opacity":"","overlay-gradient":""}},"ast-content-background-meta":{"desktop":{"background-color":"var(--ast-global-color-5)","background-image":"","background-repeat":"repeat","background-position":"center center","background-size":"auto","background-attachment":"scroll","background-type":"","background-media":"","overlay-type":"","overlay-color":"","overlay-opacity":"","overlay-gradient":""},"tablet":{"background-color":"var(--ast-global-color-5)","background-image":"","background-repeat":"repeat","background-position":"center center","background-size":"auto","background-attachment":"scroll","background-type":"","background-media":"","overlay-type":"","overlay-color":"","overlay-opacity":"","overlay-gradient":""},"mobile":{"background-color":"var(--ast-global-color-5)","background-image":"","background-repeat":"repeat","background-position":"center center","background-size":"auto","background-attachment":"scroll","background-type":"","background-media":"","overlay-type":"","overlay-color":"","overlay-opacity":"","overlay-gradient":""}}},"product_brand":[],"product_cat":[85],"product_tag":[86],"class_list":{"0":"post-1651","1":"product","2":"type-product","3":"status-publish","4":"has-post-thumbnail","6":"product_cat-home-spray","7":"product_tag-home-spray","8":"product_shipping_class-pacote-fragil","9":"desktop-align-left","10":"tablet-align-left","11":"mobile-align-left","13":"first","14":"instock","15":"featured","16":"shipping-taxable","17":"purchasable","18":"product-type-variable"},"jetpack_sharing_enabled":true,"_links":{"self":[{"href":"https:\/\/ahtdecor.net.br\/index.php\/wp-json\/wp\/v2\/product\/1651","targetHints":{"allow":["GET"]}}],"collection":[{"href":"https:\/\/ahtdecor.net.br\/index.php\/wp-json\/wp\/v2\/product"}],"about":[{"href":"https:\/\/ahtdecor.net.br\/index.php\/wp-json\/wp\/v2\/types\/product"}],"replies":[{"embeddable":true,"href":"https:\/\/ahtdecor.net.br\/index.php\/wp-json\/wp\/v2\/comments?post=1651"}],"version-history":[{"count":2,"href":"https:\/\/ahtdecor.net.br\/index.php\/wp-json\/wp\/v2\/product\/1651\/revisions"}],"predecessor-version":[{"id":1658,"href":"https:\/\/ahtdecor.net.br\/index.php\/wp-json\/wp\/v2\/product\/1651\/revisions\/1658"}],"wp:featuredmedia":[{"embeddable":true,"href":"https:\/\/ahtdecor.net.br\/index.php\/wp-json\/wp\/v2\/media\/1659"}],"wp:attachment":[{"href":"https:\/\/ahtdecor.net.br\/index.php\/wp-json\/wp\/v2\/media?parent=1651"}],"wp:term":[{"taxonomy":"product_brand","embeddable":true,"href":"https:\/\/ahtdecor.net.br\/index.php\/wp-json\/wp\/v2\/product_brand?post=1651"},{"taxonomy":"product_cat","embeddable":true,"href":"https:\/\/ahtdecor.net.br\/index.php\/wp-json\/wp\/v2\/product_cat?post=1651"},{"taxonomy":"product_tag","embeddable":true,"href":"https:\/\/ahtdecor.net.br\/index.php\/wp-json\/wp\/v2\/product_tag?post=1651"}],"curies":[{"name":"wp","href":"https:\/\/api.w.org\/{rel}","templated":true}]}}